 - 52*z - 2. Determine t(-3).
-53
Let u(r) = -17*r**2 + 47*r + 7. Give u(3).
-5
Let g(q) = q**2 - 246*q - 4185. What is g(-16)?
7
Let k(h) = h**2 - 176*h - 570. What is k(-3)?
-33
Let v(n) = 10578*n + 52896. Calculate v(-5).
6
Let n(g) = -g**2 - 82*g - 1567. Give n(-33).
50
Let i(r) = 88*r + 361. What is i(-4)?
9
Let j(u) = u**3 + 11*u**2 - 79*u - 618. Give j(-11).
251
Let m(q) = -q**3 + 7*q**2 + q - 2. Give m(6).
40
Let o(a) = -68*a**2 - 5306*a - 167. Calculate o(-78).
-11
Let q(h) = -28*h**2 + 76*h - 42. Calculate q(2).
-2
Let b(l) = l**3 - 27*l**2 - 57*l - 45. What is b(29)?
-16
Let o(f) = -2*f**3 + 19*f**2 - 16*f - 1. Give o(8).
63
Let p(g) = g**3 - 13*g**2 - 2*g + 133. Determine p(12).
-35
Let l(i) = 41*i + 384. What is l(-10)?
-26
Let l(c) = -739*c**3 - c**2 + 3*c + 3. Determine l(-1).
738
Let g(f) = -721*f + 5217. Calculate g(7).
170
Let g(n) = 7*n**2 - 47*n - 349. Calculate g(-6).
185
Let q(z) = -69*z - 1980. Calculate q(-30).
90
Let n(b) = -7*b**3 - 24*b**2 - 6*b - 14. Calculate n(-4).
74
Let w(o) = o**3 + 7*o**2 + 8*o - 17. Calculate w(-5).
-7
Let f(o) = 2*o**2 - 60*o - 881. Give f(-11).
21
Let g(d) = -6*d**2 - 189*d + 1958. Give g(11).
-847
Let a(q) = -4*q**2 + 165*q - 10. Calculate a(42).
-136
Let x(q) = 13*q - 127. Calculate x(6).
-49
Let t(x) = -2*x**3 + 16*x**2 + 10*x - 2. Determine t(7).
166
Let w(t) = 3*t**3 - 234*t**2 - 1. Determine w(78).
-1
Let x(p) = -3*p**2 + 44*p + 3. What is x(10)?
143
Let u(h) = 295*h - 5143. Calculate u(18).
167
Let p(g) = 29*g + 52. Determine p(-7).
-151
Let j(r) = 2*r**3 - 130*r**2 + 408*r - 2237. Give j(62).
-5
Let b(g) = -g**3 + 60*g**2 - 164*g - 379. Give b(57).
20
Let f(n) = n**3 - n**2 + 19*n - 18. Determine f(1).
1
Let i(y) = -y**2 - 241*y - 1416. What is i(-6)?
-6
Let o(m) = 49*m**2 + 3*m - 39. Give o(1).
13
Let c(j) = -228*j - 3981. What is c(-17)?
-105
Let l(b) = -b**3 + 43*b**2 + 238*b + 111. Give l(48).
15
Let y(q) = q**3 - 3*q**2 - 12*q + 25. What is y(5)?
15
Let i(c) = -298*c + 37495. Determine i(126).
-53
Let t(w) = -3*w**3 - 2*w**2 - 22*w + 124. Give t(6).
-728
Let q(a) = -a**2 - 23*a + 10. Determine q(-23).
10
Let x(y) = 24*y - 65. What is x(-4)?
-161
Let d(l) = -l**2 - 43*l + 71. Determine d(-47).
-117
Let o(z) = -11*z**2 + 1106*z + 417. Give o(101).
-88
Let a(c) = c**3 + 8*c**2 - 25*c - 36. What is a(-10)?
14
Let o(n) = 1274*n - 12730. Give o(10).
10
Let n(f) = 1973*f + 27613. What is n(-14)?
-9
Let c(u) = -3*u + 242. What is c(66)?
44
Let j(v) = -3*v**2 + 2*v + 33. What is j(-5)?
-52
Let k(j) = -3*j**2 + 13*j + 395. Determine k(14).
-11
Let p(n) = -n**2 - 22*n + 172. Calculate p(8).
-68
Let b(y) = -8*y**3 - 38*y**2 + 4*y - 5. Determine b(-5).
25
Let y(n) = -115*n + 883. Give y(8).
-37
Let n(f) = -f**2 - 11*f + 658. Determine n(-31).
38
Let j(b) = 254*b - 57909. Calculate j(228).
3
Let d(a) = a**3 + 53*a**2 - 111*a - 40. What is d(-55)?
15
Let q(x) = 9*x**2 + 11*x - 23. Give q(-5).
147
Let q(i) = -76*i**2 - 3183*i + 386. What is q(-42)?
8
Let z(s) = 5*s**3 + 82*s**2 + 29*s - 55. Determine z(-16).
-7
Let d(i) = 182*i + 1471. What is d(-8)?
15
Let x(z) = -z**3 - 12*z**2 + 43*z + 612. Determine x(-11).
18
Let n(h) = 1743*h - 3470. Determine n(2).
16
Let b(i) = -2215*i - 39872. Calculate b(-18).
-2
Let u(c) = -c**3 - 37*c**2 - 236*c - 115. Give u(-29).
1
Let g(a) = -a**3 + 56*a**2 + 443*a - 125. What is g(63)?
1
Let x(q) = -2*q**2 - 337*q + 14008. What is x(-203)?
1
Let x(a) = -16999*a - 17014. Calculate x(-1).
-15
Let n(o) = -4*o - 197. Determine n(-42).
-29
Let u(w) = -2*w**2 + 4*w - 3. Determine u(-6).
-99
Let v(a) = -a**3 - 9*a**2 + 5*a + 37. What is v(-9)?
-8
Let k(m) = -2904*m - 8708. Calculate k(-3).
4
Let g(h) = 689*h - 18611. Determine g(27).
-8
Let h(t) = t**3 + 71*t**2 - 72*t - 4979. Give h(-71).
133
Let t(f) = f**2 + 29*f + 49. Determine t(-28).
21
Let a(f) = 9*f + 151. Give a(0).
151
Let k(z) = -2*z**2 + 60*z + 526. Determine k(37).
8
Let h(u) = -33*u + 222. Calculate h(6).
24
Let a(q) = q**3 + 242*q**2 - 1483*q + 1193. What is a(-248)?
-47
Let k(d) = -d**2 + 11*d + 3. Calculate k(-3).
-39
Let d(q) = q**3 - 24*q**2 + 1055*q - 25307. Give d(24).
13
Let h(f) = 61*f + 531. Give h(-9).
-18
Let c(g) = 237*g + 1394. Calculate c(-6).
-28
Let r(s) = -379*s - 6816. Determine r(-18).
6
Let k(t) = -549*t**2 + 2*t - 4. Calculate k(1).
-551
Let i(p) = -p**3 - 14*p**2 - 8. Calculate i(-14).
-8
Let y(r) = 6473*r - 71197. Determine y(11).
6
Let x(b) = -b**2 + 7*b + 119. Give x(18).
-79
Let p(c) = -c**3 + 11*c**2 + 60*c - 649. What is p(13)?
-207
Let h(z) = -z**2 + 13*z - 195. What is h(7)?
-153
Let u(y) = y**3 + 15*y**2 + 32*y + 131. What is u(-13)?
53
Let l(v) = -147*v - 7805. Calculate l(-53).
-14
Let p(f) = -1941*f + 19415. Determine p(10).
5
Let c(u) = u**2 - 103*u + 30. Calculate c(92).
-982
Let s(a) = -a**2 - 252*a - 2653. What is s(-11)?
-2
Let a(h) = -30*h - 708. Determine a(-26).
72
Let q(f) = -15*f**3 + 8*f**2 + 5*f - 14. What is q(1)?
-16
Let d(i) = -5*i**2 + i. Give d(2).
-18
Let r(f) = -239*f + 1415. Calculate r(7).
-258
Let u(i) = -25*i**3 + 6*i**2 - 12*i + 33. Calculate u(2).
-167
Let a(g) = 2*g**2 + 98*g + 789. Determine a(-10).
9
Let k(a) = -18*a**2 - 141*a + 14. Calculate k(-8).
-10
Let j(i) = -89*i**2 - 21*i - 22. Calculate j(-1).
-90
Let k(z) = 165*z + 3638. What is k(-22)?
8
Let x(u) = u**3 - 11*u**2 + 11*u + 17. What is x(9)?
-46
Let q(h) = 5*h**2 + 131*h + 155. What is q(-25)?
5
Let w(j) = -j**2 + 50*j + 1132. Calculate w(67).
-7
Let f(v) = 2*v**2 + 255*v + 2557. Calculate f(-11).
-6
Let w(n) = -3*n**2 - 51*n - 83. Calculate w(-15).
7
Let k(u) = 38*u + 335. What is k(-8)?
31
Let n(b) = 8*b**2 + 459*b + 182. Give n(-57).
11
Let h(c) = -c**3 + 132*c + 252. Determine h(-2).
-4
Let t(a) = 11*a**2 + 21*a + 32. Calculate t(-2).
34
Let a(b) = 1002*b - 4023. Calculate a(4).
-15
Let f(s) = 668*s + 6635. Give f(-10).
-45
Let p(i) = 23*i - 416. Calculate p(11).
-163
Let y(m) = -57*m**2 + 176*m - 19. What is y(3)?
-4
Let t(a) = -a**3 - 14*a**2 + 49*a + 682. What is t(-14)?
-4
Let f(z) = -3*z**3 - 83*z**2 - 58*z - 151. What is f(-27)?
-43
Let d(s) = -2*s**2 + 38*s - 132. Calculate d(4).
-12
Let m(n) = -2*n**3 + 401*n**2 - 596*n - 197. Calculate m(199).
2
Let x(u) = -16*u + 793. What is x(41)?
137
Let q(o) = 2*o**3 - 10*o**2 + 360*o - 1354. What is q(4)?
54
Let h(n) = -n**3 + 13*n**2 + 27*n - 181. Give h(14).
1
Let g(t) = 2347*t - 18738. What is g(8)?
38
Let q(u) = -u**3 - 45*u**2 - 128*u - 64. What is q(-42)?
20
Let h(y) = 22*y + 754. Give h(-34).
6
Let q(i) = 2*i**3 + 4*i**2 - 11*i - 1. What is q(-5)?
-96
Let n(x) = x**2 - 16*x - 74. Determine n(20).
6
Let y(u) = 4*u + 9. Give y(8).
41
Let s(l) = 81*l - 27. What is s(0)?
-27
Let x(t) = 14*t**2 + 30*t - 52. Determine x(2).
64
Let f(h) = 1578*h + 23672. Calculate f(-15).
2
Let o(j) = -11*j - 59. Give o(8).
-147
Let m(i) = -206*i - 3929. What is m(-19)?
-15
Let i(f) = -f**3 - 29*f**2 - 291*f - 7361. Give i(-28).
3
Let f(v) = 2*v**3 - 76*v**2 - 2*v + 80. Give f(38).
4
Let w(x) = 105*x + 111. Determine w(-1).
6
Let k(h) = h**3 - 20*h**2 + 26*h + 132. What is k(18)?
-48
Let k(y) = y**2 + 22*y + 25. Give k(-5).
-60
Let x(o) = 488*o + 998. Calculate x(-2).
22
Let t(f) = -47*f - 583. What is t(-12)?
-19
Let m(c) = -c**3 + 24*c**2 - 79*c - 28. Give m(13).
804
Let o(y) = 5*y**2 - 329*y - 753. Give o(68).
-5
Let g(j) = -j**3 + 44*j**2 + 40*j + 98. What is g(45)?
-127
Let s(m) = m**2 - 7975*m - 95855. Give s(-12).
-11
Let u(m) = 808*m + 4852. Determine u(-6).
4
Let d(q) = -6*q**2 - 288*q - 2237. Give d(-10).
43
Let h(w) = -w**3 - 14*w**2 - 7*w + 50. Determine h(-13).
-28
Let m(x) = -x**2 - x + 42. Give m(5).
12
Let l(a) = a**2 - 3*a + 1. Give l(0).
1
Let t(o) = -o**2 - 2*o + 5. What is t(-2)?
5
Let u(p) = -p**2 + 74*p - 939. Give u(56).
69
Let u(q) = -q**3 + 9*q**2 + 36*q - 313. Give u(6).
11
Let t(z) = 2*z**3 - 10*z**2 + 271*z - 1704. What is t(6)?
-6
Let k(b) = b**3 + 7*b**2 - 5*b - 7. Give k(-7).
28
Let s(n) = -2*n**3 + 36*n**2 - 170*n + 3008. Determine s(18).
-52
Let x(g) = -g**3 - 6*g**2 + 54*g - 4. Determine x(5).
-9
Let y(n) = -204*n + 429. Determine y(2).
21
Let d(x) = -27*x - 438. Give d(-16).
-6
Let v(s) = s**3 + 23*s**2 + 21*s - 273. Give v(-22).
-251
Let t(b) = b**3 - 10*b**2 + 4*b + 59. Give t(4).
-21
Let w(p) = -77*p**2 -